ulate y(-2).
-1
Let n(c) = -c**3 + 5*c - 7. Calculate n(4).
-51
Let l(x) = -3*x + 15. Determine l(10).
-15
Let t(m) = -m**3 - 9*m**2 - 10*m - 9. Determine t(-8).
7
Let y(o) = o**2 - 18*o + 32. What is y(14)?
-24
Let c(p) = -p**3 - 4*p**2 + 16*p - 34. What is c(-7)?
1
Let x(c) = -c**2 + 17*c - 44. What is x(7)?
26
Let a(v) = -2*v**3 - 19*v**2 + 10*v - 3. Give a(-10).
-3
Let c(f) = -f**2 + 18*f - 35. What is c(15)?
10
Let f(w) = -5*w - 13. Give f(-9).
32
Let u(n) = 2*n - 28. Calculate u(12).
-4
Let i(w) = -2*w**2 - w - 89. What is i(0)?
-89
Let w(x) = -4*x + 8. Calculate w(5).
-12
Let t(o) = -o**3 - 15*o**2 + 4. What is t(-15)?
4
Let c(l) = l**3 - 5*l**2 - 6*l + 4. Calculate c(6).
4
Let h(g) = 2*g**2 + 32*g + 48. Give h(-14).
-8
Let q(n) = n + 10. Give q(-4).
6
Let t(z) = 46*z - 24. What is t(1)?
22
Let v(r) = -5*r + 50. Determine v(-13).
115
Let z(t) = 25*t + 23. Give z(-4).
-77
Let i(w) = -w**3 + 5*w**2 + 7*w - 13. Determine i(6).
-7
Let v(x) = 4*x - 142. Determine v(36).
2
Let c(r) = -15*r - 112. Determine c(-8).
8
Let p(y) = y**3 - 7*y**2 - 3*y + 3. Give p(7).
-18
Let d(a) = 5*a - 1. Determine d(1).
4
Let u(j) = -j**3 - 20*j**2 - 19*j - 12. What is u(-19)?
-12
Let o(g) = 81*g**3 + 3*g**2 + g - 2. What is o(-1)?
-81
Let p(k) = k**2 - 14*k - 18. What is p(9)?
-63
Let l(i) = -i. What is l(5)?
-5
Let g(u) = 2*u**2 + 8*u - 3. Give g(-4).
-3
Let o(y) = -y**2 - 6*y + 20. Determine o(-8).
4
Let z(i) = 7*i - 2. Calculate z(-3).
-23
Let f(r) = r**3 - 2*r**2 - r. Determine f(2).
-2
Let c(u) = -5*u - 92. Calculate c(-21).
13
Let s(w) = -w**2 + 12*w - 25. What is s(13)?
-38
Let d(u) = u**3 + 5*u**2 + 7*u + 13. Calculate d(-3).
10
Let i(u) = u**3 + 5*u**2 + 5*u + 12. Give i(-4).
8
Let k(y) = 10*y + 3. Calculate k(-1).
-7
Let j(l) = -15*l + 2. Calculate j(1).
-13
Let c(x) = -x**2 - 9*x + 10. Calculate c(-12).
-26
Let r(f) = 2*f + 13. Give r(-5).
3
Let y(d) = d - 3. Calculate y(0).
-3
Let h(l) = 5*l**3 - 3*l - 2. Give h(-2).
-36
Let m(f) = -15*f + 109. Determine m(8).
-11
Let f(w) = -w**2 + 5*w + 34. Determine f(10).
-16
Let v(x) = -x**2 + 7*x + 16. Give v(7).
16
Let u(f) = 2*f + 7. Give u(-12).
-17
Let z(i) = i**3 - 6*i - 2. Give z(-3).
-11
Let n(t) = -3*t**2 + t - 1. What is n(2)?
-11
Let b(k) = 2*k**2 + 56*k + 9. Calculate b(-28).
9
Let h(p) = p**3 + 7*p**2 - 40*p + 26. What is h(-11)?
-18
Let x(n) = n**2 - 3*n + 2. Calculate x(3).
2
Let i(c) = -c**3 + 7*c**2 + 93*c + 66. Give i(14).
-4
Let f(p) = p - 11. What is f(-2)?
-13
Let q(r) = -r**2 + 18*r + 34. What is q(20)?
-6
Let y(m) = -3*m**3 + m**2 + 5*m - 2. Determine y(3).
-59
Let p(f) = -6*f + 3. What is p(4)?
-21
Let o(f) = 6*f + 18. Give o(-4).
-6
Let k(y) = -y**3 - 7*y**2 - 27*y - 53. What is k(-4)?
7
Let s(t) = -164*t + 322. Calculate s(2).
-6
Let i(h) = 39*h + 6. Determine i(-3).
-111
Let c(b) = -b**2 + 71*b - 271. Determine c(4).
-3
Let b(d) = -8*d - 72. Give b(-9).
0
Let n(q) = 16*q + 71. What is n(-4)?
7
Let i(y) = y**2 + 18*y + 71. Determine i(-13).
6
Let b(x) = -x**3 - 15*x**2 + 19*x + 54. Give b(-16).
6
Let x(l) = 36*l + 463. Give x(-13).
-5
Let a(u) = u**3 - 4*u - 7. Calculate a(3).
8
Let s(x) = 20*x - 4. Calculate s(-7).
-144
Let s(a) = a**2 - 7*a - 1. Calculate s(4).
-13
Let x(y) = 6*y + 11. Give x(7).
53
Let t(a) = -27*a + 47. Determine t(5).
-88
Let q(k) = 17*k - 281. Calculate q(17).
8
Let g(f) = -f**3 + 33*f**2 - 117*f + 34. Calculate g(29).
5
Let j(u) = u**2 - 10*u - 19. Determine j(11).
-8
Let l(i) = 7*i + 35. Give l(5).
70
Let w(c) = 9*c + 39. Give w(-5).
-6
Let y(l) = l**3 - 8*l**2 + 17*l - 13. Calculate y(6).
17
Let s(g) = g**3 - 12*g**2 + 24*g - 32. Calculate s(9).
-59
Let j(r) = 2*r + 26. Calculate j(-19).
-12
Let h(z) = -2*z**2 + 3*z + 20. Give h(-3).
-7
Let f(c) = 14*c - 469. What is f(34)?
7
Let z(m) = -2*m**2 + 23*m - 23. Determine z(10).
7
Let h(c) = -2*c**2 - 14*c + 7. Calculate h(-8).
-9
Let h(f) = 13*f - 70. What is h(6)?
8
Let u(s) = s**3 + 5*s**2 - 10*s + 2. Determine u(-7).
-26
Let d(g) = 3*g**2 + 5*g + 4. Determine d(3).
46
Let k(h) = h**2 - 5*h + 7. Give k(0).
7
Let a(q) = 2*q**3 + 11*q**2 + 10*q + 27. Determine a(-5).
2
Let s(h) = -h**3 - 4*h - 4. Determine s(-2).
12
Let y(g) = 2*g**2 - 15*g - 4. Give y(7).
-11
Let b(o) = -3*o**3 - o**2 + 29*o - 4. Give b(3).
-7
Let i(d) = -2*d**3 - 15*d**2 + 7*d - 18. Determine i(-8).
-10
Let c(n) = -3*n + 3. Determine c(3).
-6
Let r(j) = j**3 + 3*j**2 - 9*j - 14. Give r(-4).
6
Let o(w) = -2*w**2 + 13*w + 2. Determine o(8).
-22
Let z(f) = -f**3 + 29*f**2 + 29*f + 18. What is z(30)?
-12
Let w(i) = i - 2. Determine w(-4).
-6
Let s(h) = 2*h - 3. What is s(5)?
7
Let v(q) = q**2 - 13*q - 2. Determine v(13).
-2
Let z(w) = w**3 - 8*w**2 + 13*w + 6. What is z(6)?
12
Let b(o) = -2*o + 23. What is b(-8)?
39
Let g(n) = 4*n + 6. What is g(-10)?
-34
Let g(w) = 4*w - 10. Determine g(0).
-10
Let h(b) = -b - 6. Give h(9).
-15
Let c(q) = -q**2 - 22*q - 78. Determine c(-19).
-21
Let w(q) = -50*q**2 + 1. Give w(-1).
-49
Let o(b) = b + 4. Determine o(-9).
-5
Let h(k) = -12*k. What is h(1)?
-12
Let h(z) = z**2 - 3*z - 4. Calculate h(4).
0
Let n(b) = -4*b**2 + 10*b + 2. Give n(-5).
-148
Let b(n) = n**2 - 14*n + 5. Calculate b(10).
-35
Let u(a) = -3*a + 20. Calculate u(16).
-28
Let a(o) = o**2 + 18*o - 24. What is a(-21)?
39
Let s(m) = m**2 - m + 16. Give s(0).
16
Let g(j) = j**2 - j - 20. Determine g(5).
0
Let u(g) = g**3 - 2*g**2 - 2*g + 2. Determine u(-2).
-10
Let q(y) = -y**2 + y + 5. Calculate q(-4).
-15
Let p(r) = r**3 + 21*r**2 + 21*r + 7. Give p(-20).
-13
Let z(u) = u**2 - 12*u + 24. Calculate z(7).
-11
Let w(f) = 102*f - 510. What is w(5)?
0
Let d(v) = -7*v + 6. What is d(-6)?
48
Let m(v) = 2*v**2 + 74*v - 165. Calculate m(-39).
-9
Let r(y) = -y**3 + 6*y**2 + y + 5. Calculate r(6).
11
Let y(p) = p**3 - 4*p**2 - 3*p - 10. What is y(5)?
0
Let v(u) = -3*u - 1. Calculate v(1).
-4
Let i(h) = 3*h + 2. What is i(-10)?
-28
Let t(b) = -8*b + 23. Give t(8).
-41
Let v(r) = -r**2 - 10*r - 30. Give v(-12).
-54
Let y(t) = -5*t**3 + t**2 + 2*t + 1. Determine y(-1).
5
Let k(v) = -v**3 - 8*v**2 - 8*v - 13. Give k(-7).
-6
Let j(h) = 2*h**2 - 6*h + 8. What is j(4)?
16
Let k(h) = -h**2 - 6*h + 11. Give k(-6).
11
Let p(r) = 48*r**2 - 1. Give p(-1).
47
Let l(d) = -8*d - 1. Give l(4).
-33
Let u(k) = -5*k**2 - 33*k + 49. Determine u(-8).
-7
Let k(u) = 10*u - 453. Give k(45).
-3
Let n(d) = d**3 + 4*d**2 + 4*d + 1. Give n(-4).
-15
Let j(p) = p**2 + 16*p + 14. Calculate j(-12).
-34
Let q(u) = 2*u**3 + 4*u**2 + 5*u - 6. Determine q(-3).
-39
Let p(b) = b**2 - 7*b - 8. What is p(10)?
22
Let x(z) = -45*z + 99. What is x(2)?
9
Let u(q) = q**3 - 3*q**2 + 2*q - 3. Determine u(3).
3
Let l(r) = -r**3 + 7*r**2 - r + 9. Give l(7).
2
Let g(t) = t**2 + 14*t - 19. What is g(-14)?
-19
Let n(z) = -z**3 + 8*z**2 - 4*z - 1. Give n(7).
20
Let m(g) = -g**2 - 9*g - 7. Give m(-8).
1
Let w(t) = -t**3 + 7*t**2 - 6*t - 8. Determine w(7).
-50
Let y(c) = -8*c**3 - c**2 + 1. Calculate y(1).
-8
Let y(l) = -l**3 - 7*l**2 + 2*l + 14. Determine y(-7).
0
Let r(y) = -y + 27. What is r(15)?
12
Let x(t) = 39*t**2 - 2*t - 3. Give x(-1).
38
Let s(w) = -w**2 + 13*w + 12. Give s(15).
-18
Let q(g) = -g**3 - 15*g**2 + 53*g - 10. Calculate q(-18).
8
Let l(f) = -f + 8. What is l(3)?
5
Let o(x) = x + 2. Determine o(-10).
-8
Let f(k) = -58*k**2 + 1. Determine f(-1).
-57
Let z(r) = r + 15. Determine z(9).
24
Let q(p) = 5*p - 163. What is q(32)?
-3
Let n(v) = 5*v - 1. What is n(5)?
24
Let y(t) = t - 4. Calculate y(3).
-1
Let u(h) = -h**3 + h**2 - 2*h + 1. Calculate u(1).
-1
Let y(a) = 6*a**2 + 87*a - 139. Calculate y(-16).
5
Let v(r) = r**3 + 6*r**2 + 7*r + 5. What is v(-5)?
-5
Let j(k) = -k**3 - 8*k**2 - 5*k + 4. Calculate j(-5).
-46
Let v(o) = -2*o - 1. What is v(1)?
-3
Let i(u) = -u**3 + 9*u**2 + 12*u + 5. Determine i(10).
25
Let z(v) = 5*v**2 - 13*v + 16. Determine z(1).
8
Let d(b) = -9*b**2 - b - 1. What is d(-1)?
-9
Let f(s) = -s**2 + 15*s - 14. Calculate f(14).
0
Let p(q) = 36*q**2 + 470*q + 19. Give p(-13).
-7
Let b(c) = -c**2 + 7*c + 7. Give b(8).
-1
Let q(h) = h**2 - 14*h + 33. Calculate q(3).
0
Let u(p) = 18*p - 78. Give u(6).
30
Let s(h) = 2*h**2 - 13*h + 1. What is s(9)?
46
Let o(r) = -135*r + 952. What is o(7)?
7
Let n(s) = -s**2 + 7*s + 40. What is n(11)?
-4
Let d(x) = -x**3 - 10*x**2 - 7*x + 8. Wh